ed by 309?
289
What is the remainder when 14241 is divided by 7118?
5
Calculate the remainder when 13199 is divided by 10.
9
Calculate the remainder when 28886 is divided by 47.
28
Calculate the remainder when 7328 is divided by 162.
38
Calculate the remainder when 13475 is divided by 146.
43
What is the remainder when 22077 is divided by 1275?
402
Calculate the remainder when 129538 is divided by 281.
278
What is the remainder when 760901 is divided by 21?
8
What is the remainder when 804 is divided by 160?
4
Calculate the remainder when 307227 is divided by 38.
35
Calculate the remainder when 547305 is divided by 126.
87
Calculate the remainder when 46799 is divided by 390.
389
What is the remainder when 55774 is divided by 498?
496
What is the remainder when 56225 is divided by 22?
15
Calculate the remainder when 103320 is divided by 25829.
4
What is the remainder when 47806 is divided by 1407?
1375
Calculate the remainder when 25296 is divided by 115.
111
What is the remainder when 22453 is divided by 197?
192
What is the remainder when 6740 is divided by 431?
275
Calculate the remainder when 26652 is divided by 75.
27
Calculate the remainder when 28679 is divided by 282.
197
What is the remainder when 14573 is divided by 6938?
697
Calculate the remainder when 15028 is divided by 7203.
622
Calculate the remainder when 10695 is divided by 668.
7
Calculate the remainder when 44947 is divided by 11234.
11
What is the remainder when 61377 is divided by 689?
56
What is the remainder when 2405 is divided by 2390?
15
Calculate the remainder when 538286 is divided by 3738.
14
What is the remainder when 134322 is divided by 94?
90
Calculate the remainder when 102808 is divided by 45.
28
What is the remainder when 258065 is divided by 129019?
27
What is the remainder when 68101 is divided by 13617?
16
Calculate the remainder when 343993 is divided by 57.
55
What is the remainder when 69062 is divided by 23012?
26
Calculate the remainder when 6351 is divided by 905.
16
What is the remainder when 44320 is divided by 11079?
4
Calculate the remainder when 106435 is divided by 164.
163
Calculate the remainder when 1283 is divided by 661.
622
What is the remainder when 7357 is divided by 1454?
87
What is the remainder when 47169 is divided by 43?
41
Calculate the remainder when 6871 is divided by 125.
121
Calculate the remainder when 119831 is divided by 850.
831
Calculate the remainder when 39695 is divided by 16.
15
What is the remainder when 8031 is divided by 92?
27
What is the remainder when 8020 is divided by 64?
20
What is the remainder when 847471 is divided by 33?
31
Calculate the remainder when 1377 is divided by 448.
33
Calculate the remainder when 8326 is divided by 203.
3
Calculate the remainder when 1921137 is divided by 585.
582
Calculate the remainder when 44300 is divided by 44283.
17
What is the remainder when 26853 is divided by 4?
1
Calculate the remainder when 65524 is divided by 21749.
277
Calculate the remainder when 86246 is divided by 1065.
1046
What is the remainder when 17686 is divided by 335?
266
Calculate the remainder when 7689 is divided by 961.
1
Calculate the remainder when 205491 is divided by 1161.
1155
What is the remainder when 760 is divided by 187?
12
Calculate the remainder when 88937 is divided by 3705.
17
Calculate the remainder when 437259 is divided by 5.
4
What is the remainder when 108203 is divided by 26?
17
What is the remainder when 10681 is divided by 262?
201
Calculate the remainder when 838 is divided by 19.
2
What is the remainder when 16989 is divided by 8416?
157
Calculate the remainder when 670 is divided by 302.
66
Calculate the remainder when 3029 is divided by 12.
5
What is the remainder when 10482 is divided by 953?
952
Calculate the remainder when 10282 is divided by 27.
22
Calculate the remainder when 532 is divided by 351.
181
What is the remainder when 32364 is divided by 135?
99
What is the remainder when 41656 is divided by 1599?
82
Calculate the remainder when 113481 is divided by 4538.
31
Calculate the remainder when 10255 is divided by 89.
20
What is the remainder when 13613 is divided by 92?
89
Calculate the remainder when 11333 is divided by 25.
8
What is the remainder when 64198 is divided by 655?
8
Calculate the remainder when 1901 is divided by 129.
95
Calculate the remainder when 386033 is divided by 4.
1
Calculate the remainder when 17096 is divided by 36.
32
What is the remainder when 76684 is divided by 28?
20
What is the remainder when 3753 is divided by 1248?
9
Calculate the remainder when 4272 is divided by 15.
12
Calculate the remainder when 50287 is divided by 61.
23
What is the remainder when 3881 is divided by 631?
95
Calculate the remainder when 153015 is divided by 35.
30
Calculate the remainder when 183 is divided by 66.
51
Calculate the remainder when 4821 is divided by 78.
63
What is the remainder when 39987 is divided by 13328?
3
What is the remainder when 30956 is divided by 7581?
632
Calculate the remainder when 4227 is divided by 271.
162
Calculate the remainder when 3127 is divided by 507.
85
What is the remainder when 1286 is divided by 532?
222
What is the remainder when 2164928 is divided by 198?
194
What is the remainder when 381 is divided by 209?
172
Calculate the remainder when 6874 is divided by 6364.
510
What is the remainder when 50500 is divided by 395?
335
What is the remainder when 3835 is divided by 381?
25
What is the remainder when 14122 is divided by 30?
22
Calculate the remainder when 1074940 is divided by 34.
30
Calculate the remainder when 44258 is divided by 2.
0
Calculate the remainder when 183393 is divided by 102.
99
Calculate the remainder when 13011 is divided by 1856.
19
Calculate the remainder when 73827 is divided by 10546.
5
What is the remainder when 33194 is divided by 16304?
586
What is the remainder when 50747 is divided by 14?
11
Calculate the remainder when 78599 is divided by 6.
5
Calculate the remainder when 2170 is divided by 745.
680
What is the remainder when 119488 is divided by 105?
103
What is the remainder when 98603 is divided by 277?
268
What is the remainder when 586 is divided by 14?
12
Calculate the remainder when 256000 is divided by 127998.
4
Calculate the remainder when 12715 is divided by 24.
19
What is the remainder when 306433 is divided by 142?
139
What is the remainder when 426753 is divided by 40?
33
What is the remainder when 1071 is divided by 14?
7
Calculate the remainder when 15956 is divided by 738.
458
Calculate the remainder when 39310 is divided by 364.
362
Calculate the remainder when 753 is divided by 743.
10
Calculate the remainder when 21047 is divided by 10518.
11
Calculate the remainder when 25587 is divided by 8527.
6
What is the remainder when 8409 is divided by 842?
831
Calculate the remainder when 593273 is divided by 80.
73
What is the remainder when 2896 is divided by 46?
44
What is the remainder when 14415 is divided by 14297?
118
What is the remainder when 3029 is divided by 192?
149
What is the remainder when 42101 is divided by 449?
344
Calculate the remainder when 2324 is divided by 196.
168
What is the remainder when 34115 is divided by 17052?
11
What is the remainder when 2038 is divided by 951?
136
Calculate the remainder when 11854 is divided by 25.
4
Calculate the remainder when 19197 is divided by 30.
27
What is the remainder when 39040 is divided by 9?
7
Calculate the remainder when 2219 is divided by 548.
27
Calculate the remainder when 6832507 is divided by 5.
2
What is the remainder when 127481 is divided by 314?
311
Calculate the remainder when 24388 is divided by 595.
588
Calculate the remainder when 3042 is divided by 45.
27
Calculate the remainder when 2720 is divided by 340.
0
Calculate the remainder when 61758 is divided by 166.
6
What is the remainder when 8797 is divided by 336?
61
What is the remainder when 35249 is divided by 47?
46
Calculate the remainder when 68049 is divided by 212.
209
What is the remainder when 89227 is divided by 88?
83
Calculate the remainder when 26376 is divided by 10.
6
What is the remainder when 102326 is divided by 20461?
21
Calculate the remainder when 73418 is divided by 5.
3
Calculate the remainder when 11202 is divided by